{"id":90,"date":"2018-10-15T17:54:21","date_gmt":"2018-10-15T15:54:21","guid":{"rendered":"http:\/\/dr-jacoby.de\/wordpress\/?page_id=90"},"modified":"2019-09-06T21:49:02","modified_gmt":"2019-09-06T19:49:02","slug":"leistungen","status":"publish","type":"page","link":"https:\/\/dr-jacoby.de\/wordpress\/leistungen\/","title":{"rendered":"Leistungen"},"content":{"rendered":"<p>[vc_row full_width=&#8220;stretch_row&#8220;][vc_column][vc_single_image image=&#8220;490&#8243; img_size=&#8220;full&#8220;][\/vc_column][\/vc_row][vc_row full_width=&#8220;stretch_row&#8220;][vc_column width=&#8220;5\/6&#8243;][vc_column_text]<\/p>\n<h1>Leistungen<\/h1>\n<p>[\/vc_column_text][vc_column_text]Die moderne Zahnmedizin hat viel zu bieten. Wir decken das gesamte Leistungsspektrum ab. Ob Sie akute Schmerzen haben, Zahnersatz ben\u00f6tigen, Ihre Z\u00e4hne optisch aufwerten oder zur regelm\u00e4\u00dfigen Kontrolle kommen m\u00f6chten \u2013 wir sind Ihr kompetenter Ansprechpartner.<\/p>\n<p>W\u00fcnschen Sie n\u00e4here Informationen zu unseren Leistungen? Wir nehmen uns gerne Zeit f\u00fcr ein pers\u00f6nliches Beratungsgespr\u00e4ch.[\/vc_column_text][vc_tta_accordion][vc_tta_section title=&#8220;Laserzahnheilkunde&#8220; tab_id=&#8220;1539618595410-dccc1833-1180&#8243;][vc_column_text]Bei chirurgischen Eingriffen erm\u00f6glicht der Laser eine nahezu blutungsfreie Schnittf\u00fchrung, und in der Wundversorgung kann h\u00e4ufig auf einen Nahtverschluss verzichtet werden. Nachoperative Beschwerden werden minimiert.<\/p>\n<p>Eine weitere vorteilhafte Eigenschaft des Lasers besteht in der Abt\u00f6tung von Bakterien (Dekontamination), z.B. bei Parodontal- und Wurzelkanalbehandlungen. Die Behandlungsergebnisse werden dadurch verbessert und die Behandlungsdauer verk\u00fcrzt.[\/vc_column_text][\/vc_tta_section][vc_tta_section title=&#8220;Implantologie&#8220; tab_id=&#8220;1539618595431-a75a74d0-b1f5&#8243;][vc_column_text]Das Einbringen k\u00fcnstlicher Zahnwurzeln in Form von Implantaten aus Titan oder Keramik erm\u00f6glicht es, den Patienten mit festsitzendem Zahnersatz zu versorgen. Gesunde Z\u00e4hne m\u00fcssen nicht zur Aufnahme von Kronen beschliffen werden wie es bei einer Br\u00fcckenversorgung notwendig w\u00e4re. So k\u00f6nnen gleich mehrere fehlende Z\u00e4hne direkt durch Implantate ersetzt werden.<\/p>\n<p>Ein herausnehmbarer Zahnersatz (Prothese) wird somit \u00fcberfl\u00fcssig. Fremdk\u00f6rperempfindungen existieren nicht. Bei zahnlosen Kiefern k\u00f6nnen Implantate den herausnehmbaren Zahnersatz stabil fixieren. Hier bieten sich vor allem\u00a0<strong>Kugelkopfimplantante\u00a0<\/strong>an. Dabei wird die Vollprothese von jeweils zwei Implantanten getragen. Eine schnell realisierbare L\u00f6sung, die einen dauerhaft hohen Tragekomfort verspricht.<\/p>\n<p>Durch Implantate erh\u00e4lt der Patient ein hohes Ma\u00df an Lebensqualit\u00e4t zur\u00fcck.[\/vc_column_text][\/vc_tta_section][vc_tta_section title=&#8220;Keramikinlays (CEREC)&#8220; tab_id=&#8220;1539618671183-fbc79e24-8af4&#8243;][vc_column_text]Die computergefr\u00e4sten Keramikinlays sind zahnfarbig und somit unauff\u00e4llig. Sie erlauben eine metallfreie Versorgung. Jegliche Abdruckma\u00dfnahmen und provisorische Versorgungen sind nicht notwendig, da die Gesamtversorgung einschlie\u00dflich der Politur in nur einer Sitzung vollst\u00e4ndig durchgef\u00fchrt werden kann.<\/p>\n<p>Die Dichtigkeit und der Randschluss dieser Restauration sind nachweislich \u00fcber einen langen Zeitraum hinweg gegeben. Auch f\u00fcr allergisch reagierende Patienten ist das Keramikmaterial geeignet.[\/vc_column_text][\/vc_tta_section][vc_tta_section title=&#8220;Kieferorthop\u00e4die&#8220; tab_id=&#8220;1539618708779-3d4584ed-e9dd&#8220;][vc_column_text]Die Verbesserung von Zahnstellungen, das Schlie\u00dfen kleiner L\u00fccken oder das Drehen von Z\u00e4hnen ist \u2013 auch im Erwachsenenalter \u2013 in einem Behandlungszeitraum von nur wenigen Monaten erfolgreich durchf\u00fchrbar. Durch eine verbesserte Zahnstellung wird h\u00e4ufig auch vor Kronen und Br\u00fcckenversorgung ein kosmetisch zufriedenstellendes Ergebnis erreicht.[\/vc_column_text][\/vc_tta_section][vc_tta_section title=&#8220;Parodontologie&#8220; tab_id=&#8220;1539618739246-096c6c7d-1a8b&#8220;][vc_column_text]Parodontale Knochentaschen oder andere Knochendefekte k\u00f6nnen durch synthetische Ersatzmaterialien oder verpflanzten Eigenknochen wieder aufgebaut werden. Teile des zerst\u00f6rten Zahnhalteapparates werden mittels entsprechender Medikamente regeneriert. Auch hier ist durch Laseranwendung eine schmerzfreie unterst\u00fctzende Therapie m\u00f6glich.[\/vc_column_text][\/vc_tta_section][vc_tta_section title=&#8220;Prophylaxe&#8220; tab_id=&#8220;1539618765166-ce32fc74-690c&#8220;][vc_column_text]Die Prophylaxe ist der Grundstock der Zahnerhaltung. Die sch\u00e4digenden bakteriellen Ablagerungen (Plaque) werden in regelm\u00e4\u00dfigen Zeitintervallen im Rahmen einer professionellen Zahnreinigung (PZR) entfernt und der Zahnschmelz durch Fluoridierung geh\u00e4rtet.<\/p>\n<p>Ultraschallger\u00e4t und AIRFLOW garantieren eine schonende und dennoch intensive Reinigung auch schwierig zu erreichender Stellen, wie Zahnzwischenr\u00e4ume, Br\u00fcckenglieder oder Implantate.[\/vc_column_text][\/vc_tta_section][vc_tta_section title=&#8220;Prothetik&#8220; tab_id=&#8220;1539618800717-fe62748e-07c6&#8243;][vc_column_text]Ein praxiseigenes Labor erm\u00f6glicht die enge Kooperation mit den Zahntechnikern bei der Herstellung von hochwertigem Zahnersatz. Farbe und Form k\u00f6nnen gemeinsam mit dem Patienten bestimmt werden. Zum Vorteil des Patienten bleiben alle Behandlungsschritte von der Planung bis zum Abschluss in einer Hand.[\/vc_column_text][\/vc_tta_section][vc_tta_section title=&#8220;\u00c4sthetische Zahnbehandlung&#8220; tab_id=&#8220;1539618824183-166512ba-6d35&#8243;][vc_column_text]Der \u00e4sthetische Wiederaufbau von defekten Zahnfl\u00e4chen ist durch Verblendschalen (Veneers) hervorragend m\u00f6glich. Zu dunkle oder verf\u00e4rbte Z\u00e4hne k\u00f6nnen durch verschiedene Bleaching-Methoden zahnschonend aufgehellt werden.[\/vc_column_text][\/vc_tta_section][\/vc_tta_accordion][\/vc_column][vc_column width=&#8220;1\/6&#8243;][vc_empty_space][\/vc_column][\/vc_row]<\/p>\n","protected":false},"excerpt":{"rendered":"<p>[vc_row full_width=&#8220;stretch_row&#8220;][vc_column][vc_single_image image=&#8220;490&#8243; img_size=&#8220;full&#8220;][\/vc_column][\/vc_row][vc_row full_width=&#8220;stretch_row&#8220;][vc_column width=&#8220;5\/6&#8243;][vc_column_text] Leistungen [\/vc_column_text][vc_column_text]Die moderne Zahnmedizin hat viel zu bieten. Wir decken das gesamte Leistungsspektrum ab. Ob Sie akute Schmerzen haben,&#8230;<\/p>\n<div class=\"more-link-wrapper\"><a class=\"more-link\" href=\"https:\/\/dr-jacoby.de\/wordpress\/leistungen\/\">Continue Reading<span class=\"screen-reader-text\">Leistungen<\/span><\/a><\/div>\n","protected":false},"author":1,"featured_media":0,"parent":0,"menu_order":0,"comment_status":"closed","ping_status":"closed","template":"","meta":{"footnotes":""},"class_list":["post-90","page","type-page","status-publish","hentry","entry"],"_links":{"self":[{"href":"https:\/\/dr-jacoby.de\/wordpress\/wp-json\/wp\/v2\/pages\/90","targetHints":{"allow":["GET"]}}],"collection":[{"href":"https:\/\/dr-jacoby.de\/wordpress\/wp-json\/wp\/v2\/pages"}],"about":[{"href":"https:\/\/dr-jacoby.de\/wordpress\/wp-json\/wp\/v2\/types\/page"}],"author":[{"embeddable":true,"href":"https:\/\/dr-jacoby.de\/wordpress\/wp-json\/wp\/v2\/users\/1"}],"replies":[{"embeddable":true,"href":"https:\/\/dr-jacoby.de\/wordpress\/wp-json\/wp\/v2\/comments?post=90"}],"version-history":[{"count":11,"href":"https:\/\/dr-jacoby.de\/wordpress\/wp-json\/wp\/v2\/pages\/90\/revisions"}],"predecessor-version":[{"id":510,"href":"https:\/\/dr-jacoby.de\/wordpress\/wp-json\/wp\/v2\/pages\/90\/revisions\/510"}],"wp:attachment":[{"href":"https:\/\/dr-jacoby.de\/wordpress\/wp-json\/wp\/v2\/media?parent=90"}],"curies":[{"name":"wp","href":"https:\/\/api.w.org\/{rel}","templated":true}]}}