{"id":75,"date":"2018-10-15T17:33:51","date_gmt":"2018-10-15T15:33:51","guid":{"rendered":"http:\/\/dr-jacoby.de\/wordpress\/?page_id=75"},"modified":"2025-04-16T00:15:35","modified_gmt":"2025-04-15T22:15:35","slug":"team","status":"publish","type":"page","link":"https:\/\/dr-jacoby.de\/wordpress\/team\/","title":{"rendered":"Team"},"content":{"rendered":"<p>[vc_row full_width=&#8220;stretch_row&#8220;][vc_column][vc_single_image image=&#8220;493&#8243; img_size=&#8220;full&#8220;][\/vc_column][\/vc_row][vc_row full_width=&#8220;stretch_row&#8220;][vc_column width=&#8220;5\/6&#8243;][vc_column_text]<\/p>\n<h1>Team<\/h1>\n<p>[\/vc_column_text][vc_column_text]Unser f\u00fcnfk\u00f6pfiges Team ist eine eingespielte Mannschaft, die es sich zur Aufgabe gemacht hat, Ihnen zu sch\u00f6nen und dauerhaft gesunden Z\u00e4hnen zu verhelfen. Mit <strong>Fachwissen,<\/strong> viel <strong>Fingerspitzengef\u00fchl<\/strong> und vor allem jeder Menge <strong>Erfahrung.<\/strong> F\u00fcr uns alle ist die Zahnmedizin mehr als ein Job, sie ist unsere Berufung &#8211; und Ihre Zahngesundheit eine Herzensangelegenheit.<\/p>\n<p>Zeigen Sie auf die Bilder, um ein wenig mehr \u00fcber uns zu erfahren. (Es fehlt: Julia Loebbert. Bild folgt)[\/vc_column_text]\r\n\t\t\t\t<style type='text\/css'>\r\n\t\t\t\t\t#gallery-1 {\r\n\t\t\t\t\tmargin: auto;\r\n\t\t\t\t\t}\r\n\t\t\t\t\t#gallery-1 .fg-gallery-item {\r\n\t\t\t\t\tfloat: left;\r\n\t\t\t\t\tmargin-top: 10px;\r\n\t\t\t\t\ttext-align: center;\r\n\t\t\t\t\twidth: 25%;\r\n\t\t\t\t\t}\r\n\t\t\t\t\t#gallery-1 .fg-gallery-caption {\r\n\t\t\t\t\tmargin-left: 0;\r\n\t\t\t\t\t}\r\n\t\t\t\t\t#gallery-1.fastgallery .fg-gallery-caption, \r\n\t\t\t\t\t#gallery-1.fastgallery .fg-gallery-caption:hover {\r\n\t\t\t\t\t\tbackground-color:rgba( 195 , 60 , 78 , 1);\r\n\t\t\t\t\t}\r\n\t\t\t\t\t#gallery-1.fastgallery.gallery .fastgallery-gallery-icon .fg_zoom a, \r\n\t\t\t\t\t#gallery-1.fastgallery.gallery .fastgallery-gallery-icon .fg_zoom a:hover {\r\n\t\t\t\t\t\tcolor:#c33c4e;\r\n\t\t\t\t\t}\r\n\t\t\t\t\t#gallery-1.fastgallery.fg_style1 .fg-gallery-caption {\r\n\t\t\t\t\t\tcolor:#ffffff;\t\r\n\t\t\t\t\t}\r\n\t\t\t\t\t#gallery-1.fastgallery.gallery.fg_style2 .fastgallery-gallery-icon .fg_zoom a {\r\n\t\t\t\t\t\tbackground:rgba( 255 , 255 , 255 , 0.3);\r\n\t\t\t\t\t}\r\n\t\t\t\t\t#gallery-1.fastgallery.fg_style2 .fg-gallery-caption {\r\n\t\t\t\t\t\tcolor:#ffffff;\t\r\n\t\t\t\t\t}\t\t\t\r\n\t\t\t\t\t#gallery-1.fastgallery.gallery.fg_style3 .fg_zoom, #gallery-1.fastgallery.gallery.fg_style3 .fg_zoom:hover {\r\n\t\t\t\t\t\tbackground:rgba( 195 , 60 , 78 , 1);\r\n\t\t\t\t\t}\r\n\t\t\t\t\t#gallery-1.fastgallery.fg_style3 .fg-gallery-caption {\r\n\t\t\t\t\t\tcolor:#ffffff;\t\r\n\t\t\t\t\t}\t\t\t\t\r\n\t\t\t\t\t#gallery-1.fastgallery.fg_style4 .fg-gallery-caption,\t\t\t\r\n\t\t\t\t\t#gallery-1.fastgallery.gallery.fg_style4 .fastgallery-gallery-icon .fg_zoom a, \r\n\t\t\t\t\t#gallery-1.fastgallery.gallery.fg_style4 .fastgallery-gallery-icon .fg_zoom a:hover {\r\n\t\t\t\t\t\tcolor:#ffffff;\r\n\t\t\t\t\t}\r\n\t\t\t\t\t#gallery-1.fastgallery.gallery.fg_style4 .fastgallery-gallery-icon .fg_zoom a, \r\n\t\t\t\t\t#gallery-1.fastgallery.gallery.fg_style4 .fastgallery-gallery-icon .fg_zoom a:hover\t{\r\n\t\t\t\t\t\tbackground:rgba( 195 , 60 , 78 , 1);\r\n\t\t\t\t\t}\t\t\t\r\n\t\t\t\t\t#gallery-1.fastgallery.gallery.fg_style5 .fastgallery-gallery-icon .fg_zoom a, \r\n\t\t\t\t\t#gallery-1.fastgallery.gallery.fg_style5 .fastgallery-gallery-icon .fg_zoom a:hover\t{\r\n\t\t\t\t\t\tcolor:#ffffff;\r\n\t\t\t\t\t\tbackground-color:rgba( 195 , 60 , 78 , 1);\r\n\t\t\t\t\t}\t\t\t\t\t\r\n\t\t\t\t\t#gallery-1.fastgallery.gallery.fg_style6 .fastgallery-gallery-icon .fg_zoom a,\r\n\t\t\t\t\t#gallery-1.fastgallery.gallery.fg_style6 .fastgallery-gallery-icon .fg_zoom a:hover {\r\n\t\t\t\t\t\tcolor:#ffffff;\r\n\t\t\t\t\t\tbackground:rgba( 195 , 60 , 78 , 1);\t\t\t\t\r\n\t\t\t\t\t}\r\n\t\t\t\t\r\n\t\t\t\t\t#gallery-1.fastgallery.fg_style6 .fg-gallery-caption {\r\n\t\t\t\t\t\tcolor:#ffffff;\t\r\n\t\t\t\t\t}\r\n\t\t\t\t\t#gallery-1.fastgallery.gallery.fg_style7 .fastgallery-gallery-icon .fg_zoom a,\r\n\t\t\t\t\t#gallery-1.fastgallery.gallery.fg_style7 .fastgallery-gallery-icon .fg_zoom a:hover {\r\n\t\t\t\t\t\tcolor:#ffffff;\r\n\t\t\t\t\t\tbackground:rgba( 195 , 60 , 78 , 1);\t\t\t\t\r\n\t\t\t\t\t}\t\t\r\n\t\t\t\t\t#gallery-1.fastgallery.fg_style7 .fg-gallery-caption {\r\n\t\t\t\t\t\tcolor:#ffffff;\t\r\n\t\t\t\t\t}\r\n\t\t\t\t\t\r\n\t\t\t\t\t#gallery-1.fastgallery.gallery.fg_style8 .fastgallery-gallery-icon .fg_zoom a,\r\n\t\t\t\t\t#gallery-1.fastgallery.gallery.fg_style8 .fastgallery-gallery-icon .fg_zoom a:hover {\r\n\t\t\t\t\t\tcolor:#ffffff;\r\n\t\t\t\t\t\tbackground:rgba( 195 , 60 , 78 , 1);\t\t\t\t\r\n\t\t\t\t\t}\r\n\t\t\t\t\r\n\t\t\t\t\t#gallery-1.fastgallery.fg_style8 .fg-gallery-caption {\r\n\t\t\t\t\t\tcolor:#ffffff;\t\r\n\t\t\t\t\t}\r\n\t\t\t\t\t\r\n\t\t\t\t\t#gallery-1.fastgallery.gallery.fg_style9 .fastgallery-gallery-icon .fg_zoom a,\r\n\t\t\t\t\t#gallery-1.fastgallery.gallery.fg_style9 .fastgallery-gallery-icon .fg_zoom a:hover {\r\n\t\t\t\t\t\tcolor:#ffffff;\r\n\t\t\t\t\t\tbackground:rgba( 195 , 60 , 78 , 1);\t\t\t\t\r\n\t\t\t\t\t}\t\t\r\n\t\t\t\t\t#gallery-1.fastgallery.fg_style9 .fg-gallery-caption {\r\n\t\t\t\t\t\tcolor:#ffffff;\t\r\n\t\t\t\t\t}\r\n\t\t\t\t\t\r\n\t\t\t\t\t#gallery-1.fastgallery.gallery.fg_style10 .fastgallery-gallery-icon .fg_zoom a,\r\n\t\t\t\t\t#gallery-1.fastgallery.gallery.fg_style10 .fastgallery-gallery-icon .fg_zoom a:hover {\r\n\t\t\t\t\t\tcolor:#ffffff;\r\n\t\t\t\t\t\tbackground:rgba( 195 , 60 , 78 , 1);\t\t\t\t\r\n\t\t\t\t\t}\t\t\r\n\t\t\t\t\t#gallery-1.fastgallery.fg_style10 .fg-gallery-caption {\r\n\t\t\t\t\t\tcolor:#ffffff;\t\r\n\t\t\t\t\t}\r\n\t\t\t\t\t#gallery-1.fastgallery.fg_style11 .fg-gallery-caption {\r\n\t\t\t\t\t\tcolor:#ffffff;\t\r\n\t\t\t\t\t}\r\n\t\t\t\t\t#gallery-1.fastgallery.fg_style11 .fastgallery-gallery-icon .fg_zoom a, \r\n\t\t\t\t\t#gallery-1.fastgallery.fg_style11 .fastgallery-gallery-icon .fg_zoom a:hover {\r\n\t\t\t\t\t\tcolor:#c33c4e;\r\n\t\t\t\t\t\tbackground:rgba( 255 , 255 , 255 , 0.3);\r\n\t\t\t\t\t}\r\n\t\t\t\t\t#gallery-1.fastgallery.fg_style12 .fg-gallery-caption {\r\n\t\t\t\t\t\tcolor:#ffffff;\t\r\n\t\t\t\t\t}\r\n\t\t\t\t\t#gallery-1.fastgallery.fg_style12 .fastgallery-gallery-icon .fg_zoom a, \r\n\t\t\t\t\t#gallery-1.fastgallery.fg_style12 .fastgallery-gallery-icon .fg_zoom a:hover {\r\n\t\t\t\t\t\tcolor:#c33c4e;\r\n\t\t\t\t\t\tbackground:rgba( 255 , 255 , 255 , 0.3);\r\n\t\t\t\t\t}\t\t\t\t\t\t\t\t\t\t\t\t\t\t\t\t\r\n\t\t\t\t\t\/* FOTORAMA *\/\r\n\t\t\t\t\t#gallery-1.fastgallery.fotorama.fg_style1 .fotorama__thumb-border {\r\n\t\t\t\t\t\tborder-color:rgba( 195 , 60 , 78 , 1);\r\n\t\t\t\t\t}\r\n\t\t\t\t\t#gallery-1.fastgallery.fotorama.fg_style1 .fotorama__html > div {\r\n\t\t\t\t\t\tbackground:rgba( 195 , 60 , 78 , 1);\r\n\t\t\t\t\t\tcolor:#ffffff;\r\n\t\t\t\t\t}\r\n\t\t\t\t\t#gallery-1.fastgallery.fotorama.fg_style2 .fotorama__thumb-border {\r\n\t\t\t\t\t\tborder-color:rgba( 195 , 60 , 78 , 1);\r\n\t\t\t\t\t}\r\n\t\t\t\t\t#gallery-1.fastgallery.fotorama.fg_style2 .fotorama__html > div {\r\n\t\t\t\t\t\tbackground:rgba( 195 , 60 , 78 , 1);\r\n\t\t\t\t\t\tcolor:#ffffff;\r\n\t\t\t\t\t}\r\n\t\t\t\t\t#gallery-1.fastgallery.fotorama.fg_style3 .fotorama__thumb-border {\r\n\t\t\t\t\t\tborder-color:rgba( 195 , 60 , 78 , 1);\r\n\t\t\t\t\t}\t\t\t\t\t\t\r\n\t\t\t\t\t#gallery-1.fastgallery.fotorama.fg_style3 .fotorama__html > div {\r\n\t\t\t\t\t\tcolor:#ffffff;\r\n\t\t\t\t\t}\r\n\t\t\t\t\t#gallery-1.fastgallery.fotorama.fg_style4 .fotorama__thumb-border {\r\n\t\t\t\t\t\tborder-color:rgba( 195 , 60 , 78 , 1);\r\n\t\t\t\t\t}\t\t\t\t\t\t\r\n\t\t\t\t\t#gallery-1.fastgallery.fotorama.fg_style4 .fotorama__html > div {\r\n\t\t\t\t\t\tcolor:#ffffff;\r\n\t\t\t\t\t}\r\n\t\t\t\t\t#gallery-1.fastgallery.fotorama.fg_style5 .fotorama__thumb-border {\r\n\t\t\t\t\t\tborder-color:rgba( 195 , 60 , 78 , 1);\r\n\t\t\t\t\t\tbackground:rgba( 195 , 60 , 78 , 1);\r\n\t\t\t\t\t}\t\t\t\t\t\t\r\n\t\t\t\t\t#gallery-1.fastgallery.fotorama.fg_style5 .fotorama__html > div {\r\n\t\t\t\t\t\tcolor:#ffffff;\r\n\t\t\t\t\t}\r\n\t\t\t\t\t#gallery-1.fastgallery.fotorama.fg_style6 .fotorama__thumb-border {\r\n\t\t\t\t\t\tborder-color:rgba( 195 , 60 , 78 , 1);\r\n\t\t\t\t\t\tbackground:rgba( 195 , 60 , 78 , 1);\r\n\t\t\t\t\t}\t\t\t\t\t\t\r\n\t\t\t\t\t#gallery-1.fastgallery.fotorama.fg_style6 .fotorama__html > div {\r\n\t\t\t\t\t\tcolor:#ffffff;\r\n\t\t\t\t\t}\r\n\t\t\t\t\t#gallery-1.fastgallery.fotorama.fg_style7 .fotorama__thumb-border {\r\n\t\t\t\t\t\tborder-color:rgba( 195 , 60 , 78 , 1);\r\n\t\t\t\t\t\tbackground:rgba( 195 , 60 , 78 , 1);\r\n\t\t\t\t\t}\t\t\t\t\t\t\r\n\t\t\t\t\t#gallery-1.fastgallery.fotorama.fg_style7 .fotorama__html > div {\r\n\t\t\t\t\t\tcolor:#ffffff;\r\n\t\t\t\t\t\tbackground:rgba( 195 , 60 , 78 , 1);\r\n\t\t\t\t\t}\r\n\t\t\t\t\t#gallery-1.fastgallery.fotorama.fg_style8 .fotorama__thumb-border {\r\n\t\t\t\t\t\tborder-color:rgba( 195 , 60 , 78 , 1);\r\n\t\t\t\t\t\tbackground:rgba( 195 , 60 , 78 , 1);\r\n\t\t\t\t\t}\t\t\t\t\t\t\r\n\t\t\t\t\t#gallery-1.fastgallery.fotorama.fg_style8 .fotorama__html > div {\r\n\t\t\t\t\t\tcolor:#ffffff;\r\n\t\t\t\t\t\tbackground:rgba( 195 , 60 , 78 , 1);\r\n\t\t\t\t\t}\r\n\t\t\t\t\t#gallery-1.fastgallery.fotorama.fg_style9 .fotorama__thumb-border {\r\n\t\t\t\t\t\tborder-color:rgba( 195 , 60 , 78 , 1);\r\n\t\t\t\t\t\tbackground:rgba( 195 , 60 , 78 , 1);\r\n\t\t\t\t\t}\t\t\t\t\t\t\r\n\t\t\t\t\t#gallery-1.fastgallery.fotorama.fg_style9 .fotorama__html > div {\r\n\t\t\t\t\t\tcolor:#ffffff;\r\n\t\t\t\t\t\tbackground:rgba( 195 , 60 , 78 , 1);\r\n\t\t\t\t\t}\r\n\t\t\t\t\t#gallery-1.fastgallery.fotorama.fg_style10 .fotorama__thumb-border {\r\n\t\t\t\t\t\tborder-color:rgba( 195 , 60 , 78 , 1);\r\n\t\t\t\t\t\tbackground:rgba( 195 , 60 , 78 , 1);\r\n\t\t\t\t\t}\t\t\t\t\t\t\r\n\t\t\t\t\t#gallery-1.fastgallery.fotorama.fg_style10 .fotorama__html > div {\r\n\t\t\t\t\t\tcolor:#ffffff;\r\n\t\t\t\t\t\tbackground:rgba( 195 , 60 , 78 , 1);\r\n\t\t\t\t\t}\r\n\t\t\t\t\t#gallery-1.fastgallery.fotorama.fg_style11 .fotorama__thumb-border {\r\n\t\t\t\t\t\tborder-color:rgba( 195 , 60 , 78 , 1);\r\n\t\t\t\t\t}\r\n\t\t\t\t\t#gallery-1.fastgallery.fotorama.fg_style11 .fotorama__html > div {\r\n\t\t\t\t\t\tbackground:rgba( 195 , 60 , 78 , 1);\r\n\t\t\t\t\t\tcolor:#ffffff;\r\n\t\t\t\t\t}\r\n\t\t\t\t\t#gallery-1.fastgallery.fotorama.fg_style12 .fotorama__thumb-border {\r\n\t\t\t\t\t\tborder-color:rgba( 195 , 60 , 78 , 1);\r\n\t\t\t\t\t}\r\n\t\t\t\t\t#gallery-1.fastgallery.fotorama.fg_style12 .fotorama__html > div {\r\n\t\t\t\t\t\tbackground:rgba( 195 , 60 , 78 , 1);\r\n\t\t\t\t\t\tcolor:#ffffff;\r\n\t\t\t\t\t}\t\t\t\t\t\t\t\t\t\t\r\n\t\t\t\t\t\/* THUMBS ONE ON *\/\r\n\t\t\t\t\t#gallery-1.fastgallery.fg_thumbs_one .fg-gallery-item {\r\n\t\t\t\t\t\tdisplay:none;\r\n\t\t\t\t\t}\r\n\t\t\t\t\t#gallery-1.fastgallery.fg_thumbs_one .fg-gallery-item:first-child {\r\n\t\t\t\t\t\tdisplay:block;\r\n\t\t\t\t\t}\r\n\t\t\t\t\t#gallery-1.fastgallery.fg_thumbs_one {\r\n\t\t\t\t\t\twidth:auto!important;\r\n\t\t\t\t\t}\r\n\t\t\t\t<\/style><script type=\"text\/javascript\">\r\n\t\t\t\t\t\tjQuery(function($){\r\n\t\t\t\t\t\t\t$('#gallery-1.gallery.fastgallery').lightGallery({\r\n\t\t\t\t\t\t\t\tmode:'slide',\r\n\t\t\t\t\t\t\t\tspeed: 2000,\r\n\t\t\t\t\t\t\t\tthumbnail: true,\r\n\t\t\t\t\t\t\t\tcontrols: true\t\t\t\t\t\t\t\t\r\n\t\t\t\t\t\t\t});\r\n\t\t\t\t\t\t});\t\t\r\n\t\t\t\t\t<\/script><script type=\"text\/javascript\">\r\n\t\t\t\t\t\tjQuery(window).load(function() {\r\n\t\t\t\t\t\t\tjQuery(document).ready(function($){\r\n\t\t\t\t\t\t\t\t$('.fastgallery.brick-masonry').masonry({\r\n\t\t\t\t\t\t\t\t\tsingleMode: true,\r\n\t\t\t\t\t\t\t\t\titemSelector: '.fg-gallery-item'\r\n\t\t\t\t\t\t\t\t});\r\n\t\t\t\t\t\t\t});\r\n\t\t\t\t\t\t});\r\n\t\t\t\t\t\t<\/script><div id='gallery-1' class='gallery galleryid-1 gallery-columns-4 gallery-size-fg-masonry fastgallery brick-masonry fg_responsive fg_style1 off  fg_over_image_on'><div data-src='https:\/\/dr-jacoby.de\/wordpress\/wp-content\/uploads\/2019\/09\/H_Jacoby_kl_ret.jpg' class='fg-gallery-item  '>\r\n\t\t\t\t\t<div class='fastgallery-gallery-icon '><div class='fg_zoom'><img loading=\"lazy\" decoding=\"async\" width=\"500\" height=\"665\" src=\"https:\/\/dr-jacoby.de\/wordpress\/wp-content\/uploads\/2019\/09\/H_Jacoby_kl_ret-500x665.jpg\" class=\"attachment-fg-masonry size-fg-masonry\" alt=\"Dr. Heiner Jacoby\" srcset=\"https:\/\/dr-jacoby.de\/wordpress\/wp-content\/uploads\/2019\/09\/H_Jacoby_kl_ret-500x665.jpg 500w, https:\/\/dr-jacoby.de\/wordpress\/wp-content\/uploads\/2019\/09\/H_Jacoby_kl_ret-226x300.jpg 226w, https:\/\/dr-jacoby.de\/wordpress\/wp-content\/uploads\/2019\/09\/H_Jacoby_kl_ret.jpg 660w\" sizes=\"auto, (max-width: 500px) 100vw, 500px\" \/><a href='https:\/\/dr-jacoby.de\/wordpress\/wp-content\/uploads\/2019\/09\/H_Jacoby_kl_ret.jpg'><span class='fg-zoom-icon icon-plus'><\/span><\/a><\/div>\r\n\t\t\t\t\t\t<div class='fg-wp-caption-text fg-gallery-caption'><div class='caption-container'>\r\n\t\t\t\t\t\tDr. med. dent. Heiner Jacoby - Zahnarzt. Studium der Zahnmedizin in M\u00fcnster\/Westfalen, 1972 Approbation zum Zahnarzt,\n1973 Promotion zum Dr. med. dent., 1975 Niederlassung in eigener Praxis in Arnsberg\/H\u00fcsten,\n1979 Beginn der implantologischen T\u00e4tigkeit.\n\nViel Erfahrung und immer auf der Suche nach medizinischem Fortschritt. \r\n\t\t\t\t\t\t<\/div><\/div><\/div><\/div><div data-src='https:\/\/dr-jacoby.de\/wordpress\/wp-content\/uploads\/2019\/09\/Benedikta-770x1024.jpg' class='fg-gallery-item  '>\r\n\t\t\t\t\t<div class='fastgallery-gallery-icon '><div class='fg_zoom'><img loading=\"lazy\" decoding=\"async\" width=\"500\" height=\"665\" src=\"https:\/\/dr-jacoby.de\/wordpress\/wp-content\/uploads\/2019\/09\/Benedikta-500x665.jpg\" class=\"attachment-fg-masonry size-fg-masonry\" alt=\"Benedikta Willeke-M\u00fcller\" srcset=\"https:\/\/dr-jacoby.de\/wordpress\/wp-content\/uploads\/2019\/09\/Benedikta-500x665.jpg 500w, https:\/\/dr-jacoby.de\/wordpress\/wp-content\/uploads\/2019\/09\/Benedikta-226x300.jpg 226w, https:\/\/dr-jacoby.de\/wordpress\/wp-content\/uploads\/2019\/09\/Benedikta-768x1021.jpg 768w, https:\/\/dr-jacoby.de\/wordpress\/wp-content\/uploads\/2019\/09\/Benedikta-770x1024.jpg 770w, https:\/\/dr-jacoby.de\/wordpress\/wp-content\/uploads\/2019\/09\/Benedikta.jpg 900w\" sizes=\"auto, (max-width: 500px) 100vw, 500px\" \/><a href='https:\/\/dr-jacoby.de\/wordpress\/wp-content\/uploads\/2019\/09\/Benedikta-770x1024.jpg'><span class='fg-zoom-icon icon-plus'><\/span><\/a><\/div>\r\n\t\t\t\t\t\t<div class='fg-wp-caption-text fg-gallery-caption'><div class='caption-container'>\r\n\t\t\t\t\t\tBenedikta Willeke-M\u00fcller - Zahnmedizinische Fachangestellte.  Von 1988 bis 1993 war sie bereits bei uns t\u00e4tig und absolvierte in unserer Praxis ihre Ausbildung. Nach 20 Jahren ist sie 2013 in unser Team zur\u00fcckgekehrt. Als vertrauensvolle und fr\u00f6hliche Kraft in der Stuhlassistenz und an der Rezeption.\r\n\t\t\t\t\t\t<\/div><\/div><\/div><\/div><div data-src='https:\/\/dr-jacoby.de\/wordpress\/wp-content\/uploads\/2021\/09\/Peyman-770x1024-770x1024.jpg' class='fg-gallery-item  '>\r\n\t\t\t\t\t<div class='fastgallery-gallery-icon '><div class='fg_zoom'><img loading=\"lazy\" decoding=\"async\" width=\"500\" height=\"665\" src=\"https:\/\/dr-jacoby.de\/wordpress\/wp-content\/uploads\/2021\/09\/Peyman-770x1024-500x665.jpg\" class=\"attachment-fg-masonry size-fg-masonry\" alt=\"\" srcset=\"https:\/\/dr-jacoby.de\/wordpress\/wp-content\/uploads\/2021\/09\/Peyman-770x1024-500x665.jpg 500w, https:\/\/dr-jacoby.de\/wordpress\/wp-content\/uploads\/2021\/09\/Peyman-770x1024-226x300.jpg 226w, https:\/\/dr-jacoby.de\/wordpress\/wp-content\/uploads\/2021\/09\/Peyman-770x1024-768x1021.jpg 768w, https:\/\/dr-jacoby.de\/wordpress\/wp-content\/uploads\/2021\/09\/Peyman-770x1024.jpg 770w\" sizes=\"auto, (max-width: 500px) 100vw, 500px\" \/><a href='https:\/\/dr-jacoby.de\/wordpress\/wp-content\/uploads\/2021\/09\/Peyman-770x1024-770x1024.jpg'><span class='fg-zoom-icon icon-plus'><\/span><\/a><\/div>\r\n\t\t\t\t\t\t<div class='fg-wp-caption-text fg-gallery-caption'><div class='caption-container'>\r\n\t\t\t\t\t\tPeyman Omar - Zahnmedizinische Fachangestellte. Ab September 2020 absolvierte sie ihre Ausbildung bei uns und ist seitdem f\u00fcr die Stuhlassistenz zust\u00e4ndig.\r\n\t\t\t\t\t\t<\/div><\/div><\/div><\/div><div data-src='https:\/\/dr-jacoby.de\/wordpress\/wp-content\/uploads\/2019\/09\/B_Jacoby_kl_ret.jpg' class='fg-gallery-item  '>\r\n\t\t\t\t\t<div class='fastgallery-gallery-icon '><div class='fg_zoom'><img loading=\"lazy\" decoding=\"async\" width=\"500\" height=\"665\" src=\"https:\/\/dr-jacoby.de\/wordpress\/wp-content\/uploads\/2019\/09\/B_Jacoby_kl_ret-500x665.jpg\" class=\"attachment-fg-masonry size-fg-masonry\" alt=\"Birgit Jacoby\" srcset=\"https:\/\/dr-jacoby.de\/wordpress\/wp-content\/uploads\/2019\/09\/B_Jacoby_kl_ret-500x665.jpg 500w, https:\/\/dr-jacoby.de\/wordpress\/wp-content\/uploads\/2019\/09\/B_Jacoby_kl_ret-226x300.jpg 226w, https:\/\/dr-jacoby.de\/wordpress\/wp-content\/uploads\/2019\/09\/B_Jacoby_kl_ret.jpg 660w\" sizes=\"auto, (max-width: 500px) 100vw, 500px\" \/><a href='https:\/\/dr-jacoby.de\/wordpress\/wp-content\/uploads\/2019\/09\/B_Jacoby_kl_ret.jpg'><span class='fg-zoom-icon icon-plus'><\/span><\/a><\/div>\r\n\t\t\t\t\t\t<div class='fg-wp-caption-text fg-gallery-caption'><div class='caption-container'>\r\n\t\t\t\t\t\tBirgit Jacoby - Rezeption. Von Anfang an dabei und immer um eine schnelle Terminvergabe und das Wohlergehen unserer Patient:innen bem\u00fcht. \r\n\t\t\t\t\t\t<\/div><\/div><\/div><\/div>\r\n\t\t\t\t\t<\/div>\n<div class=\"fg_clear\"><\/div>[\/vc_column][vc_column width=&#8220;1\/6&#8243;][vc_empty_space][\/vc_column][\/vc_row]<\/p>\n","protected":false},"excerpt":{"rendered":"<p>[vc_row full_width=&#8220;stretch_row&#8220;][vc_column][vc_single_image image=&#8220;493&#8243; img_size=&#8220;full&#8220;][\/vc_column][\/vc_row][vc_row full_width=&#8220;stretch_row&#8220;][vc_column width=&#8220;5\/6&#8243;][vc_column_text] Team [\/vc_column_text][vc_column_text]Unser f\u00fcnfk\u00f6pfiges Team ist eine eingespielte Mannschaft, die es sich zur Aufgabe gemacht hat, Ihnen zu sch\u00f6nen und&#8230;<\/p>\n<div class=\"more-link-wrapper\"><a class=\"more-link\" href=\"https:\/\/dr-jacoby.de\/wordpress\/team\/\">Continue Reading<span class=\"screen-reader-text\">Team<\/span><\/a><\/div>\n","protected":false},"author":1,"featured_media":0,"parent":0,"menu_order":0,"comment_status":"closed","ping_status":"closed","template":"","meta":{"footnotes":""},"class_list":["post-75","page","type-page","status-publish","hentry","entry"],"_links":{"self":[{"href":"https:\/\/dr-jacoby.de\/wordpress\/wp-json\/wp\/v2\/pages\/75","targetHints":{"allow":["GET"]}}],"collection":[{"href":"https:\/\/dr-jacoby.de\/wordpress\/wp-json\/wp\/v2\/pages"}],"about":[{"href":"https:\/\/dr-jacoby.de\/wordpress\/wp-json\/wp\/v2\/types\/page"}],"author":[{"embeddable":true,"href":"https:\/\/dr-jacoby.de\/wordpress\/wp-json\/wp\/v2\/users\/1"}],"replies":[{"embeddable":true,"href":"https:\/\/dr-jacoby.de\/wordpress\/wp-json\/wp\/v2\/comments?post=75"}],"version-history":[{"count":30,"href":"https:\/\/dr-jacoby.de\/wordpress\/wp-json\/wp\/v2\/pages\/75\/revisions"}],"predecessor-version":[{"id":676,"href":"https:\/\/dr-jacoby.de\/wordpress\/wp-json\/wp\/v2\/pages\/75\/revisions\/676"}],"wp:attachment":[{"href":"https:\/\/dr-jacoby.de\/wordpress\/wp-json\/wp\/v2\/media?parent=75"}],"curies":[{"name":"wp","href":"https:\/\/api.w.org\/{rel}","templated":true}]}}