{"id":383,"date":"2019-08-26T20:20:59","date_gmt":"2019-08-26T18:20:59","guid":{"rendered":"https:\/\/dr-jacoby.de\/wordpress\/?page_id=383"},"modified":"2026-04-27T21:09:11","modified_gmt":"2026-04-27T19:09:11","slug":"aktuelles","status":"publish","type":"page","link":"https:\/\/dr-jacoby.de\/wordpress\/aktuelles\/","title":{"rendered":"Aktuelles"},"content":{"rendered":"<p>[vc_row full_width=&#8220;stretch_row&#8220;][vc_column][vc_single_image image=&#8220;487&#8243; img_size=&#8220;full&#8220;][\/vc_column][\/vc_row][vc_row full_width=&#8220;stretch_row&#8220;][vc_column width=&#8220;5\/6&#8243;][vc_column_text]<\/p>\n<h1>Aktuelles<\/h1>\n<p>[\/vc_column_text][vc_column_text]<strong>Wir sagen \u201eAuf Wiedersehen\u201c!<\/strong><\/p>\n<p>Liebe Patientinnen, liebe Patienten,<\/p>\n<p>nach 51 Jahren in meiner eigenen Praxis ist f\u00fcr mich die Zeit gekommen, meine zahn\u00e4rztlichen Instrumente ruhen zu lassen. Ich verabschiede mich zum 1. Mai 2026 in den Ruhestand.<\/p>\n<p>Ich danke Ihnen von Herzen f\u00fcr Ihre \u2013 zum Teil jahre- und jahrzehntelange \u2013 Treue und das gro\u00dfe Vertrauen, das Sie mir und meinem Team entgegengebracht haben. Es war uns stets eine Freude und Ehre, Sie zahn\u00e4rztlich zu betreuen. Neben der medizinischen Versorgung waren es immer auch die pers\u00f6nlichen Begegnungen, die unsere Arbeit ausgemacht haben. Das werden wir sehr vermissen und der Abschied f\u00e4llt schwer.<\/p>\n<p>Umso mehr freuen wir uns, dass wir eine Nachfolgerin f\u00fcr unsere Praxis gefunden haben: <strong>Frau Dominique Droste.<\/strong><\/p>\n<p>In den kommenden Wochen bleibt die Praxis im Zuge einiger Modernisierungsma\u00dfnahmen geschlossen, wird aber bald wieder er\u00f6ffnet. Ab dann stehen Ihnen Frau Droste und ihr Team kompetent und vertrauensvoll zur Seite. Wir w\u00fcnschen ihr viel Erfolg und sind dankbar, unsere Praxis in so gute H\u00e4nde \u00fcbergeben zu d\u00fcrfen.<\/p>\n<p>Auch unseren langj\u00e4hrigen Helferinnen sagen wir von ganzem Herzen DANKE! Ihr seid und wart fachlich eine gro\u00dfartige Unterst\u00fctzung und menschlich ein wundervolles Team!<\/p>\n<p>Alles erdenklich Gute \u2013 vor allem Gesundheit<\/p>\n<p><strong>Ihr Dr. Heiner Jacoby<\/strong><br \/>\nund Ihre Birgit Jacoby[\/vc_column_text][\/vc_column][vc_column width=&#8220;1\/6&#8243;][vc_empty_space][\/vc_column][\/vc_row]<\/p>\n","protected":false},"excerpt":{"rendered":"<p>[vc_row full_width=&#8220;stretch_row&#8220;][vc_column][vc_single_image image=&#8220;487&#8243; img_size=&#8220;full&#8220;][\/vc_column][\/vc_row][vc_row full_width=&#8220;stretch_row&#8220;][vc_column width=&#8220;5\/6&#8243;][vc_column_text] Aktuelles [\/vc_column_text][vc_column_text]Wir sagen \u201eAuf Wiedersehen\u201c! Liebe Patientinnen, liebe Patienten, nach 51 Jahren in meiner eigenen Praxis ist f\u00fcr mich&#8230;<\/p>\n<div class=\"more-link-wrapper\"><a class=\"more-link\" href=\"https:\/\/dr-jacoby.de\/wordpress\/aktuelles\/\">Continue Reading<span class=\"screen-reader-text\">Aktuelles<\/span><\/a><\/div>\n","protected":false},"author":2,"featured_media":0,"parent":0,"menu_order":0,"comment_status":"closed","ping_status":"closed","template":"","meta":{"footnotes":""},"class_list":["post-383","page","type-page","status-publish","hentry","entry"],"_links":{"self":[{"href":"https:\/\/dr-jacoby.de\/wordpress\/wp-json\/wp\/v2\/pages\/383","targetHints":{"allow":["GET"]}}],"collection":[{"href":"https:\/\/dr-jacoby.de\/wordpress\/wp-json\/wp\/v2\/pages"}],"about":[{"href":"https:\/\/dr-jacoby.de\/wordpress\/wp-json\/wp\/v2\/types\/page"}],"author":[{"embeddable":true,"href":"https:\/\/dr-jacoby.de\/wordpress\/wp-json\/wp\/v2\/users\/2"}],"replies":[{"embeddable":true,"href":"https:\/\/dr-jacoby.de\/wordpress\/wp-json\/wp\/v2\/comments?post=383"}],"version-history":[{"count":63,"href":"https:\/\/dr-jacoby.de\/wordpress\/wp-json\/wp\/v2\/pages\/383\/revisions"}],"predecessor-version":[{"id":697,"href":"https:\/\/dr-jacoby.de\/wordpress\/wp-json\/wp\/v2\/pages\/383\/revisions\/697"}],"wp:attachment":[{"href":"https:\/\/dr-jacoby.de\/wordpress\/wp-json\/wp\/v2\/media?parent=383"}],"curies":[{"name":"wp","href":"https:\/\/api.w.org\/{rel}","templated":true}]}}